7*c**2 + 30*c - 67. Let l be u(12). Let y = 38 - 8. Calculate the highest common factor of y and l.
6
Let h(c) = -c**3 + c - 660. Let m be h(0). Let j be (-18)/4*(m/45 + 8). Calculate the highest common factor of 225 and j.
15
Suppose -321*o + 2091312 = -47832. Calculate the highest common factor of o and 588.
196
Let k be 28140/1206*(-12)/(-10). What is the highest common factor of 3150 and k?
14
Suppose -319*m - 7*m = 290*m - 21678272. Calculate the highest common divisor of m and 83.
83
Let w be (-19)/((-3059)/23) + 8370/14. Let m = 11 - -2. Calculate the greatest common factor of w and m.
13
Let s = 1349 - 893. Let k be ((-2064)/(-54) + 6/(-27))*3/6. What is the highest common divisor of k and s?
19
Let s = 71 - 74. Let l be 58/s - (-12)/9. Let o = l + 94. Calculate the highest common divisor of o and 4.
4
Let o = 162 - 158. Let a be 116/6*30/o. What is the greatest common factor of 58 and a?
29
Let y(v) = -52 + 105 - 8*v**2 - v**3 - 63 - 9*v. Let c be y(-7). Suppose 0*o - 4*o + c*b = -8, 14 = 3*o + b. Calculate the highest common divisor of 28 and o.
4
Let j(k) = -3*k**2 - 57*k - 48. Let q be j(-16). Suppose -108 = -3*m - 2*m - 3*i, 3*i = 3*m - 84. Calculate the highest common divisor of q and m.
24
Let d = -7 + 16. Suppose 2*p + 8 = 2*c, 2*p + 3 = 2*c - c. Suppose 0 = 5*j - 14 - p. Calculate the greatest common factor of d and j.
3
Let q(d) = -d**3 - 11*d**2 - 31*d - 35. Suppose 3*m = 2*j + 33, 13*m + 43 = -2*j + 18*m. Let z be q(j). What is the highest common factor of z and 820?
82
Suppose -22*s + 9614 = s. Suppose 5*w - s = 4*w + 3*h, -5*h = w - 378. What is the greatest common divisor of 26 and w?
13
Let r be (2 - 1)*8/(-4)*-5. Let l be ((-105)/r)/(2/(-8)). What is the highest common divisor of l and 28?
14
Let x = 43 + -17. Let o be (-2 - -135) + (-69)/23. Calculate the highest common divisor of x and o.
26
Suppose 0 = -2*v + 4*v - 110. Let r = 96 + -93. Suppose 20 = -c - f + 6*f, 0 = 2*c - r*f + 5. Calculate the greatest common factor of c and v.
5
Suppose -3*o = -18, 4*o + 30641 - 11572 = u. What is the highest common factor of 61 and u?
61
Let w(d) = 2*d**2 - 94*d - 608. Let p be w(-6). Let z(n) = 2*n**3 - 2*n**2 - 2*n. Let o be z(2). Calculate the highest common factor of o and p.
4
Let j = -20876 - -20892. Calculate the highest common factor of 26416 and j.
16
Let y be 171/6*-8*(-1)/12. Suppose 0 = 2*n - y*n + 2737. Let d = -55 - -78. Calculate the highest common divisor of d and n.
23
Suppose 2*g - 5*g = -72. Let y(x) = 41*x**2 + 632*x + 1992. Let t be y(-12). Calculate the highest common factor of g and t.
24
Let z = -31 + 42. Suppose n + 3*k - 87 - 88 = 0, -3*n = -4*k - 577. Calculate the greatest common divisor of n and z.
11
Let t(x) = -5*x + 107. Let g = 116 - 98. Let j be t(g). What is the highest common divisor of j and 136?
17
Let v(t) = -12*t**3 - 13*t**2 - 28*t + 4. Let p be v(-4). Calculate the highest common factor of p and 286.
26
Let q(a) = 10*a**2 - 164*a - 1660. Let u be q(-14). What is the greatest common factor of u and 121?
11
Suppose 5*q - 16 = 9. Suppose -2*l - 6 = -q*l. Let y(b) = b**3 - 26*b**2 - 86*b - 19. Let u be y(29). Calculate the highest common divisor of l and u.
2
Suppose -b - 41134 = -4*k, 51*k = 46*k - 4*b + 51449. Calculate the greatest common divisor of 255 and k.
85
Let w be (-12)/(-204) + (-5404)/(-34). What is the highest common divisor of 16059 and w?
159
Suppose 7*x + 7*x = 13*x. Suppose x = 116*d - 114*d - 56. Calculate the greatest common divisor of d and 98.
14
Let o be (36/(-63))/(4/(-3052)). Let s = o + -418. Suppose -3*a + 350 = 5*k - 5*a, -4*a + 236 = 3*k. Calculate the highest common factor of k and s.
18
Suppose -5*l + 118 = 13. Let b = 7 + -2. Let c(p) = 3*p**3 - 8*p**2 + 3*p - 1. Let n be c(b). Calculate the greatest common divisor of n and l.
21
Let r = -5133 - -8653. Calculate the highest common factor of r and 110.
110
Let u = 8677 - 8542. Calculate the greatest common divisor of 2745 and u.
45
Let i be (-18 + (-70520)/60)*78/(-2). What is the highest common factor of 20 and i?
20
Suppose 19*j + 1602 = 3*v + 25*j, 0 = -4*j + 4. What is the greatest common divisor of v and 896?
28
Suppose 0 = -2*r - b + 1156, -31*r + 5*b + 1132 = -29*r. What is the greatest common divisor of r and 704?
64
Let c(s) = s + 4. Let j = 1 + 2. Let u be c(j). Suppose -231*t = -230*t + 2*m - 16, -3*t + 2*m + 96 = 0. What is the highest common divisor of t and u?
7
Let u(i) = -i**3 + 21*i**2 + 21*i + 24. Let o be u(22). Suppose o*g - 7*g = -520. Calculate the greatest common divisor of 26 and g.
26
Suppose -21*z + 3100 + 7652 = 0. What is the highest common divisor of z and 736?
32
Suppose -4*w = 79*a - 77*a - 60, -3*w + 135 = 4*a. What is the highest common factor of a and 81?
9
Let b(a) = 1002*a - 106. Let s be b(1). What is the highest common factor of 7 and s?
7
Suppose 5*c + 49*m = 50*m + 47166, -5*c - 3*m + 47182 = 0. What is the highest common divisor of c and 424?
106
Let a = 36 - 13. Let z = 56 - 36. Suppose -a*k = -z*k - 330. Calculate the greatest common divisor of 10 and k.
10
Suppose 2*h + 54 = -0*h. Let d = 2276 + -2347. Let v = h - d. Calculate the highest common divisor of v and 66.
22
Let p = -66 - -111. Suppose h + p - 70 = 0. Suppose s - 12 = -2*b + 3*s, b - 4*s - 9 = 0. What is the highest common divisor of b and h?
5
Let i be 3 + (1084 - 10)/2. What is the highest common factor of 198 and i?
18
Let b be (1 + 4)*-74*5/25. Let q = b + 389. Suppose -2*r + q = 3*r. Calculate the highest common divisor of r and 7.
7
Let m = 4 + -1. Let b(r) = 6*r. Let k be b(m). Let y be (9/4)/(1153/72 - (22 - 6)). What is the highest common factor of k and y?
18
Suppose -3*k + 118 = 13*y - 12*y, -5*k + 610 = 5*y. Let b = -115 + y. Suppose b*n + 5 = 68. Calculate the highest common divisor of n and 1.
1
Suppose 1 = 5*n - 44. Let c(z) be the second derivative of -z**3/2 - 51*z**2/2 + 8*z. Let f be c(-20). What is the greatest common factor of n and f?
9
Let j(t) = 25*t**3 - 5*t**2 - 33*t + 84. Let l be j(6). Calculate the highest common factor of l and 138.
138
Suppose -4*y - 5*i + 331 = 0, i + 1 + 0 = 0. What is the greatest common factor of y and 546?
42
Suppose 117695 = 66*o + 43*o - 263805. What is the greatest common factor of 84 and o?
28
Let o be 32 - (188/46 - -1*(-12)/138). Calculate the greatest common factor of 15316 and o.
28
Let o be (59/(-3) - 1) + (-40)/120. Let h be (-6)/(-4)*(-70)/o + 131. What is the highest common divisor of 16 and h?
8
Let a be 33/(-6) + (-15)/(-6). Let t be (95/(-15) - a)*3/(-2). Calculate the highest common factor of 235 and t.
5
Let k(j) = -j**3 + 4*j**2 - 10*j + 15. Let r be k(2). Let p be -14*r/(28/(-32)*6). What is the highest common factor of 26 and p?
2
Let c(i) = -18*i + 3. Let t be c(-4). Let z be (-363)/55 + 7 + 6746/10. What is the greatest common factor of z and t?
75
Suppose 5246 = 33*j - 19339. Calculate the greatest common divisor of j and 10.
5
Suppose -z = -t + 57, -z = -5*t + 2*z + 283. Let q be (-147)/(-4)*(-3)/(-2)*3776/531. What is the highest common factor of t and q?
56
Let f be (-25 - -19)*3/((-6)/259). What is the greatest common divisor of f and 5957?
259
Suppose 36 = 4*j - 4*h, 5*h = -5*j + 80 - 15. Suppose -24 = -j*m + 20. Calculate the highest common factor of 376 and m.
4
Suppose -2*i - 3*p = i - 18, -4*i = 2*p - 24. Suppose -2*k + 4*x + 27 = 3*x, 0 = k - x - 15. Calculate the highest common factor of k and i.
6
Let w be 2/2 - (-21 - -17). Suppose -4*x + 0*x + 134 = m, -5*m = -w*x + 155. Calculate the highest common factor of x and 22.
11
Let a(x) = 4*x**2 - 8*x - 7. Let r be a(-1). Suppose 3*q - r*w - 15 = 21, -5*q = -4*w - 60. What is the greatest common divisor of q and 372?
12
Let k be (((-16445)/20)/(-11) - (-3)/(-4)) + -4. Calculate the greatest common divisor of 1918 and k.
14
Let w(t) = 21*t**2 + 49*t + 50. Let h be w(-6). Calculate the highest common divisor of h and 2.
2
Let c = 6428 + -563. Calculate the greatest common divisor of c and 230.
115
Suppose -k - 10*y = -15*y - 3305, -4*y + 16 = 0. Calculate the greatest common factor of 266 and k.
133
Suppose -102 - 83 = -4*h + 115. What is the highest common divisor of h and 960?
15
Let j be (-2985)/(-85) - (0 + 2/17). Let s be 76/(-95)*j/(-2). Calculate the greatest comm